{"id":713,"date":"2021-01-23T13:47:00","date_gmt":"2021-01-23T10:47:00","guid":{"rendered":"http:\/\/www.grafas.org\/demo07\/?page_id=713"},"modified":"2025-06-13T13:12:28","modified_gmt":"2025-06-13T16:12:28","slug":"about","status":"publish","type":"page","link":"https:\/\/advexbrasil.com.br\/?page_id=713","title":{"rendered":"About"},"content":{"rendered":"\t\t<div data-elementor-type=\"wp-page\" data-elementor-id=\"713\" class=\"elementor elementor-713\">\n\t\t\t\t\t\t<section class=\"elementor-section elementor-top-section elementor-element elementor-element-d1b8091 elementor-section-height-min-height elementor-section-items-bottom elementor-section-boxed elementor-section-height-default\" data-id=\"d1b8091\" data-element_type=\"section\" data-settings=\"{&quot;background_background&quot;:&quot;classic&quot;}\">\n\t\t\t\t\t\t<div class=\"elementor-container elementor-column-gap-default\">\n\t\t\t\t\t<div class=\"elementor-column elementor-col-50 elementor-top-column elementor-element elementor-element-8ef2c6d\" data-id=\"8ef2c6d\" data-element_type=\"column\">\n\t\t\t<div class=\"elementor-widget-wrap elementor-element-populated\">\n\t\t\t\t\t\t\t<\/div>\n\t\t<\/div>\n\t\t\t\t<div class=\"elementor-column elementor-col-50 elementor-top-column elementor-element elementor-element-26f37cc\" data-id=\"26f37cc\" data-element_type=\"column\">\n\t\t\t<div class=\"elementor-widget-wrap\">\n\t\t\t\t\t\t\t<\/div>\n\t\t<\/div>\n\t\t\t\t\t<\/div>\n\t\t<\/section>\n\t\t\t\t<section class=\"elementor-section elementor-top-section elementor-element elementor-element-38e54e7 elementor-section-full_width elementor-section-height-default elementor-section-height-default\" data-id=\"38e54e7\" data-element_type=\"section\" data-settings=\"{&quot;background_background&quot;:&quot;classic&quot;}\">\n\t\t\t\t\t\t\t<div class=\"elementor-background-overlay\"><\/div>\n\t\t\t\t\t\t\t<div class=\"elementor-container elementor-column-gap-no\">\n\t\t\t\t\t<div class=\"elementor-column elementor-col-100 elementor-top-column elementor-element elementor-element-5d1548c\" data-id=\"5d1548c\" data-element_type=\"column\">\n\t\t\t<div class=\"elementor-widget-wrap elementor-element-populated\">\n\t\t\t\t\t\t<section class=\"elementor-section elementor-inner-section elementor-element elementor-element-b6707a1 elementor-section-boxed elementor-section-height-default elementor-section-height-default\" data-id=\"b6707a1\" data-element_type=\"section\">\n\t\t\t\t\t\t<div class=\"elementor-container elementor-column-gap-default\">\n\t\t\t\t\t<div class=\"elementor-column elementor-col-50 elementor-inner-column elementor-element elementor-element-506a219\" data-id=\"506a219\" data-element_type=\"column\">\n\t\t\t<div class=\"elementor-widget-wrap elementor-element-populated\">\n\t\t\t\t\t\t<div class=\"elementor-element elementor-element-c61f591 elementor-widget elementor-widget-heading\" data-id=\"c61f591\" data-element_type=\"widget\" data-widget_type=\"heading.default\">\n\t\t\t\t<div class=\"elementor-widget-container\">\n\t\t\t\t\t<h3 class=\"elementor-heading-title elementor-size-default\">Sobre a Advex Brasil<\/h3>\t\t\t\t<\/div>\n\t\t\t\t<\/div>\n\t\t\t\t<div class=\"elementor-element elementor-element-1c04509 elementor-widget elementor-widget-text-editor\" data-id=\"1c04509\" data-element_type=\"widget\" data-widget_type=\"text-editor.default\">\n\t\t\t\t<div class=\"elementor-widget-container\">\n\t\t\t\t\t\t\t\t\t<p data-sourcepos=\"5:1-5:276\">A ADVEX \u00e9 mais do que uma fornecedora; somos seu <strong>parceiro estrat\u00e9gico<\/strong> no setor de produtos qu\u00edmicos. Nos especializamos na comercializa\u00e7\u00e3o de solu\u00e7\u00f5es para os <strong>mais diversos segmentos industriais<\/strong>, sempre com foco em <strong>qualidade, confian\u00e7a e atendimento personalizado<\/strong>.<\/p><p data-sourcepos=\"7:1-7:281\">Nosso compromisso vai al\u00e9m do fornecimento. Estamos dedicados a <strong>desenvolver novos neg\u00f3cios<\/strong> e a buscar <strong>inova\u00e7\u00f5es cont\u00ednuas<\/strong> que impulsionem a <strong>produtividade e a sustentabilidade<\/strong> dos seus processos. Conte com a ADVEX como uma aliada no crescimento e sucesso do seu neg\u00f3cio.<\/p>\t\t\t\t\t\t\t\t<\/div>\n\t\t\t\t<\/div>\n\t\t\t\t\t<\/div>\n\t\t<\/div>\n\t\t\t\t<div class=\"elementor-column elementor-col-50 elementor-inner-column elementor-element elementor-element-73cc05f\" data-id=\"73cc05f\" data-element_type=\"column\">\n\t\t\t<div class=\"elementor-widget-wrap elementor-element-populated\">\n\t\t\t\t\t\t<div class=\"elementor-element elementor-element-c410284 elementor-widget elementor-widget-image\" data-id=\"c410284\" data-element_type=\"widget\" data-widget_type=\"image.default\">\n\t\t\t\t<div class=\"elementor-widget-container\">\n\t\t\t\t\t\t\t\t\t\t\t\t\t\t\t<img fetchpriority=\"high\" decoding=\"async\" width=\"1024\" height=\"1024\" src=\"https:\/\/advexbrasil.com.br\/wp-content\/uploads\/2025\/06\/Gemini_Generated_Image_iwcgajiwcgajiwcg-1024x1024.jpg\" class=\"attachment-large size-large wp-image-1134\" alt=\"\" srcset=\"https:\/\/advexbrasil.com.br\/wp-content\/uploads\/2025\/06\/Gemini_Generated_Image_iwcgajiwcgajiwcg-1024x1024.jpg 1024w, https:\/\/advexbrasil.com.br\/wp-content\/uploads\/2025\/06\/Gemini_Generated_Image_iwcgajiwcgajiwcg-300x300.jpg 300w, https:\/\/advexbrasil.com.br\/wp-content\/uploads\/2025\/06\/Gemini_Generated_Image_iwcgajiwcgajiwcg-150x150.jpg 150w, https:\/\/advexbrasil.com.br\/wp-content\/uploads\/2025\/06\/Gemini_Generated_Image_iwcgajiwcgajiwcg-768x768.jpg 768w, https:\/\/advexbrasil.com.br\/wp-content\/uploads\/2025\/06\/Gemini_Generated_Image_iwcgajiwcgajiwcg-1536x1536.jpg 1536w, https:\/\/advexbrasil.com.br\/wp-content\/uploads\/2025\/06\/Gemini_Generated_Image_iwcgajiwcgajiwcg.jpg 2048w\" sizes=\"(max-width: 1024px) 100vw, 1024px\" \/>\t\t\t\t\t\t\t\t\t\t\t\t\t\t\t<\/div>\n\t\t\t\t<\/div>\n\t\t\t\t\t<\/div>\n\t\t<\/div>\n\t\t\t\t\t<\/div>\n\t\t<\/section>\n\t\t\t\t\t<\/div>\n\t\t<\/div>\n\t\t\t\t\t<\/div>\n\t\t<\/section>\n\t\t\t\t<\/div>\n\t\t","protected":false},"excerpt":{"rendered":"<p>Sobre a Advex Brasil A ADVEX \u00e9 mais do que uma fornecedora; somos seu parceiro estrat\u00e9gico no setor de produtos qu\u00edmicos. Nos especializamos na comercializa\u00e7\u00e3o de solu\u00e7\u00f5es para os mais diversos segmentos industriais, sempre com foco em qualidade, confian\u00e7a e atendimento personalizado. Nosso compromisso vai al\u00e9m do fornecimento. Estamos dedicados a desenvolver novos neg\u00f3cios e&#8230;<\/p>\n","protected":false},"author":1,"featured_media":0,"parent":0,"menu_order":0,"comment_status":"closed","ping_status":"closed","template":"","meta":{"_kadence_starter_templates_imported_post":true,"_kad_post_transparent":"","_kad_post_title":"hide","_kad_post_layout":"fullwidth","_kad_post_sidebar_id":"","_kad_post_content_style":"unboxed","_kad_post_vertical_padding":"hide","_kad_post_feature":"hide","_kad_post_feature_position":"","_kad_post_header":false,"_kad_post_footer":false,"footnotes":""},"class_list":["post-713","page","type-page","status-publish","hentry"],"_links":{"self":[{"href":"https:\/\/advexbrasil.com.br\/index.php?rest_route=\/wp\/v2\/pages\/713","targetHints":{"allow":["GET"]}}],"collection":[{"href":"https:\/\/advexbrasil.com.br\/index.php?rest_route=\/wp\/v2\/pages"}],"about":[{"href":"https:\/\/advexbrasil.com.br\/index.php?rest_route=\/wp\/v2\/types\/page"}],"author":[{"embeddable":true,"href":"https:\/\/advexbrasil.com.br\/index.php?rest_route=\/wp\/v2\/users\/1"}],"replies":[{"embeddable":true,"href":"https:\/\/advexbrasil.com.br\/index.php?rest_route=%2Fwp%2Fv2%2Fcomments&post=713"}],"version-history":[{"count":13,"href":"https:\/\/advexbrasil.com.br\/index.php?rest_route=\/wp\/v2\/pages\/713\/revisions"}],"predecessor-version":[{"id":1201,"href":"https:\/\/advexbrasil.com.br\/index.php?rest_route=\/wp\/v2\/pages\/713\/revisions\/1201"}],"wp:attachment":[{"href":"https:\/\/advexbrasil.com.br\/index.php?rest_route=%2Fwp%2Fv2%2Fmedia&parent=713"}],"curies":[{"name":"wp","href":"https:\/\/api.w.org\/{rel}","templated":true}]}}